w. Is y prime?
False
Suppose 5*i - 8 = 12, -6917 = 3*p - 2*i. Let r = 4482 + p. Is r composite?
False
Let z = 5323 + 37864. Is z prime?
False
Suppose -91*f = 6*f - 2355257. Is f a prime number?
True
Let h(r) = -r**2 + 9*r - 15. Let s be h(4). Suppose -s*i + 6989 = 4*a, -5*i - 3*a = -6*a - 6982. Is i a composite number?
True
Let j(z) = 11486*z**2 + 308*z - 617. Is j(2) a prime number?
True
Suppose 21*s - 1235650 = -109*s + 3077620. Is s prime?
True
Let f(o) = -3*o**3 + 7*o**2 - 12*o - 2. Let s be f(7). Let c = s - -3562. Suppose 2*i - 5*j + 3*j = c, i - 1403 = -j. Is i a prime number?
True
Let j be 1/(18836/4708 + -4). Let i = 100 + j. Is i prime?
True
Let r = -5271 - 8444. Let k = r + 19378. Is k composite?
True
Suppose -2*p + 2*o + 575724 = 0, -4*p + 480379 = -3*o - 671062. Is p composite?
True
Let x be 1 + 8 + -2 + 0. Suppose -2*p = 10, 502 = o + 2*p - 68. Suppose -o = x*v - 2337. Is v a composite number?
False
Suppose 4*x + 5*j - 60 = 0, -x - 4*j - 10 = -9*j. Suppose 29353 = x*h - 9557. Is h a composite number?
True
Is (-39312)/(-3 - -1) - (536 - 541) prime?
True
Suppose -4*x - 16 = 0, 7 = 5*f - 5*x - 8. Is -5809*(-7 - f - (-23 + 18)) a composite number?
True
Let u = 39859 + 12749. Suppose 9*o + 10965 = u. Is o composite?
True
Is ((-15)/(-120) + (-99)/88)*2808453/(-3) prime?
True
Suppose 30*l + 1115131 = 20604748 + 10363443. Is l a composite number?
True
Let x be 5/30*3*8. Let b(i) = -i**2 - 19*i - 50. Let h be b(-15). Suppose -x*p = h*p - 177142. Is p a prime number?
True
Is (-10 - -4 - -8) + (-1)/((-3)/247083) a prime number?
False
Let x be 3493*(-6)/(-9)*12/(-8). Let p = x + 2066. Let c = 2988 + p. Is c composite?
True
Suppose 6*k + 37 = 55. Let p(c) = 73*c**3 + 3*c - 13. Is p(k) a prime number?
False
Suppose 0 = -22*n - 60070 + 333684. Is n composite?
False
Suppose 3*n + 1667406 = 6*p, 5*p - 4*n - 1389499 = -0*n. Is p composite?
False
Let o(t) = -t**3 + 9*t**2 - 13*t - 2. Let b be o(7). Suppose -4*s + 2002 = 3*a - 6417, 2*s - 4177 = b*a. Is s prime?
False
Let p be -6 + -2 - -1137 - -4. Suppose 8*x = 7*x + 2*f + p, 4*x - 4*f - 4512 = 0. Is x a composite number?
False
Let s = -229 + 284. Is 0/1 - (-1356 - s) composite?
True
Is (-149)/2235 + 68431818/45 prime?
True
Let n = -425 + 1759. Suppose 921 = 5*l - n. Is l prime?
False
Let b(u) = -13*u**3 - 2*u**2 - 20*u + 17. Let p be b(-7). Is (-1 - 4) + p*4/12 a composite number?
True
Suppose -113447827 = -50*n - 98*n + 100821097. Is n prime?
False
Let l be 18/(-4)*(-16)/(-24). Let f be 3/(l + 0) - -3. Is (-7395)/(-35) + f/(-7) composite?
False
Let o = -211494 - -721721. Is o a prime number?
True
Let u(o) = o**2 - 2*o - 1. Let k be u(2). Is (3 + 1 + k)*(1324 + 3) prime?
False
Suppose -2*n + 5*r = 27, 12*n + 2*r - 36 = 17*n. Let w(x) = -3*x**3 - 6*x**2 - 43. Is w(n) a prime number?
True
Let g(m) = -542*m - 5009. Is g(-14) prime?
True
Suppose -4*y + n = -n - 45542, -2*n = 6*y - 68288. Is y prime?
True
Let k be 36/252 + 2*(-4)/7. Let p(t) = -12218*t + 63. Is p(k) prime?
True
Let w = 149 - 153. Let l be (6/4)/((-9)/(-12)). Is (w + (-375)/l)*-6 composite?
True
Let o(z) be the second derivative of 743*z**5/20 + z**4/6 - z**3/3 + 2*z + 26. Is o(1) a composite number?
False
Suppose 0 = 3*o - 12, 194*o = 3*u + 193*o - 1655. Suppose -2*x + 10 = -114. Let s = u - x. Is s a composite number?
False
Let s be 2 + 72/(-30) + (-2)/(-5). Suppose -3*x - 5*j + 7051 = s, -264 = x + 3*j - 2609. Suppose -2*a + x = -365. Is a prime?
True
Let h = 67646 - -23585. Is h a prime number?
False
Let k = -135717 + 222035. Is k a prime number?
False
Let m(w) = -w**3 - 17*w**2 + 25*w - 41. Let y(u) = 9*u**3 - 2*u**2 - 2*u + 3. Let a be y(1). Suppose a*s = 7*s - 20. Is m(s) composite?
False
Let l(o) = 415*o - 103. Suppose -13*w + 123 + 215 = 0. Is l(w) composite?
False
Suppose -n - 2094 = -4*x, n + 2*x = x - 2079. Let p = n + 3523. Is p a composite number?
True
Let j = 16084 + 114523. Is j a composite number?
True
Let x(y) be the first derivative of -1263*y**2/2 - 190*y + 19. Is x(-7) prime?
False
Suppose -p = -2*m + 12, 2*m + 2*p = 5*m - 19. Suppose 0 = 4*g - m*x - 2994, -5*x + 2*x - 6 = 0. Suppose 3*f - 5*v = g, 0 = f - 2*v - 0*v - 247. Is f composite?
False
Suppose 0*w + 3*w = -v + 11, 0 = -w + v + 5. Suppose w = d - 0. Suppose d*s + 4*s = 5064. Is s a prime number?
False
Suppose i - 5*o = 25, -4*i + 9 - 14 = o. Suppose 0 = -5*w + 2*z + 2953, 0*w - 4*w - 5*z + 2336 = i. Is w composite?
True
Let c be ((-10643)/(-6) - 2/12)*3. Suppose 3*z - 6*x - 3982 = -7*x, -x = -4*z + c. Is z a composite number?
True
Let a = 43542 + -19699. Is a a composite number?
True
Suppose -8*s + 0*s + 2985161 = 709105. Is s a composite number?
False
Let d be ((-6)/(-9)*-303)/2. Let l = d + 101. Let y(q) = -q**2 + q + 519. Is y(l) a prime number?
False
Let w = -50 - -56. Suppose 3*k - w = -0*k - 3*s, -2*s = 4*k - 8. Suppose 351 + 1471 = k*b + 5*g, -3*b + 2733 = 4*g. Is b a composite number?
False
Suppose -94038 = -2*n + i, -125*n - 5*i = -124*n - 46997. Is n a composite number?
False
Suppose 31*j - 992288 = 232181. Is j composite?
False
Suppose -5*m - l + 128466 = 0, 3*l + 122014 = 3*m + 44938. Is m composite?
False
Suppose 53*u - 51*u = -4*p + 423268, -2*p + 5*u = -211634. Is p composite?
False
Let y = -1578311 - -2734614. Is y prime?
True
Suppose 7*o + 2392 = -8129. Let u = 4666 + o. Is u composite?
False
Suppose 3*y - g = 577813, 4*y - 53*g - 770396 = -49*g. Is y a prime number?
False
Let h = 114 + -385. Let o = h + 680. Is o a composite number?
False
Let k(s) = 69*s**2 + 656*s - 34. Is k(31) a composite number?
True
Suppose -4*f + 20 = 3*n, 10 = -f + 2*f + 2*n. Let i be 5 + (-5 - -12) + f/2. Suppose -16*z + i*z + 2235 = 0. Is z a composite number?
True
Let y(l) = -59*l**3 - 5*l**2 + 9*l + 10. Let h be y(-9). Suppose 2*g - 7*g = -h. Suppose -2*b + 6961 = 3*r - 1530, -3*r + 2*b + g = 0. Is r composite?
False
Let g(j) = 301*j**2 - 23*j - 19. Is g(-5) a prime number?
True
Let v be 5/((-10)/(-12)) + (-2 - 2). Suppose -48013 = -4*p + o, v*p - 36*o - 24008 = -34*o. Is p prime?
False
Suppose 7*n - 4*n = -2*h + 99580, 5*h = 4*n - 132735. Suppose 13*z = 597 + n. Is z a prime number?
False
Suppose 34*l = 94*l + 18*l - 34235214. Is l a composite number?
False
Let b be 2 + (-4)/(-1) + -2. Let x(q) = -q**2 + 37*q + 314. Let w be x(44). Suppose 4294 = 2*o - b*p, p - w = -p. Is o a composite number?
False
Suppose -135025 = -2*t + 511701. Is t a prime number?
False
Let v(u) = 2288*u**2 - 35*u + 205. Is v(-6) a prime number?
False
Let l = -559 - -587. Let y(m) = 156*m - 157. Is y(l) a composite number?
False
Let i(k) = k**3 + 15*k**2 - 2*k - 5. Let u(a) = 8*a - 2*a + 0*a + 46 - 41. Let f be u(-2). Is i(f) a composite number?
False
Suppose -50*g + 28501719 = -9444647 - 29890184. Is g composite?
True
Let w be (15/30)/(1 - (-14)/(-16)). Suppose i + 4 = 5*i - w*k, i - 3*k = -1. Suppose -46 = -i*v + 88. Is v a composite number?
False
Let b = -41691 - -131342. Is b a prime number?
False
Let a(v) = -1998*v + 1241. Is a(-6) a prime number?
True
Let t(z) = 18*z**2 + 2*z - 9. Let u(h) = 2*h**2 + 8*h - 8. Let j be u(-7). Let i = -27 + j. Is t(i) composite?
False
Let n(o) = 22*o**2 - 41*o + 698. Is n(51) composite?
False
Let g = 247810 - -147441. Is g prime?
True
Let b(n) = -4*n**3 - 20*n**2 - n + 100. Let z(i) = -i**3 - i**2 + 2*i + 1. Let p(x) = b(x) - 6*z(x). Is p(15) prime?
True
Let p(f) = -f**3 + 8*f**2 + 9*f + 5. Let h be p(9). Is (0 + (-97)/(-5))*h composite?
False
Let h(n) = 82054*n - 215. Let f(y) = -27352*y + 71. Let a(r) = -11*f(r) - 4*h(r). Is a(-2) composite?
False
Let k = -778 + 793. Let x be ((-3)/(-3) + -1)/(-2). Suppose x = -k*q + 12*q + 13713. Is q a composite number?
True
Let z(r) = 63037*r**2 + 23*r + 17. Is z(-1) prime?
True
Is 17/459*0 + (189231 - 2) prime?
True
Let o(i) = -45*i**3 - 22*i**2 - 8*i + 21. Let g be o(15). Is 14/(-10) + 2 + g/(-135) prime?
True
Let s be (-2*1/(-2))/(-1). Let a(x) = -5*x**3 + 2*x + 2. Let n be a(s). Suppose -5*d + l = -l - 4905, 2*l - 4885 = -n*d. Is d a prime number?
False
Let q(c) = 32 - 113 - 1800*c + 10 - 136*c. Is q(-14) a composite number?
True
Let v(l) = 2*l**3 - l**2 - 2*l - 4. Let y be v(2). Suppose 5*b + 0*r + 4*r = 25815, -5*r = y*b - 20643. Is b composite?
False
Suppose -h + 14 = 9. Let o(w) = -150*w**2 - 9*w + 5. 